d u.
27
Let s(r) = -r - 16. Let i be s(-21). Suppose 0 = -i*w + 1834 - 334. What is the highest common factor of 20 and w?
20
Suppose 4*h = -5*y + 2152, -30*y + 27*y = h - 1294. What is the highest common factor of 1232 and y?
16
Suppose -x = 7*x - 408. Suppose 2*h - 73 = -x. Calculate the highest common factor of h and 66.
11
Let c = 204 - 135. Let m = -61 + c. Suppose -4*y = 2*w - 1006, 3*w - m*w = 2*y - 499. Calculate the greatest common factor of 28 and y.
28
Let q(s) = -78*s**3 - 11*s**2 - 12*s + 27. Let j be q(-3). Calculate the greatest common divisor of 60 and j.
30
Let y(n) = 10*n**2 - 7*n - 2. Let u be y(-2). Suppose u = 3*l - 80. Calculate the greatest common divisor of l and 4.
4
Let t = -162 + 276. Suppose 7*n - 138 = t. Let c be -5 + (-2 - -6 - (-152)/8). Calculate the greatest common factor of n and c.
18
Let q = -8 + 11. Let f = -25227 - -25266. Calculate the highest common factor of q and f.
3
Suppose 3*m - 27 = -3*s, 14 + 37 = 5*s + 2*m. Let u(g) = -g**3 - 78*g**2 - 165*g - 955. Let l be u(-76). What is the greatest common factor of l and s?
11
Suppose -42*h = -41*h + 20. Let y = h - -26. Let b be (-2)/9 - (y + 1200/(-54)). What is the highest common factor of b and 2?
2
Suppose 31*p + 66 = v + 29*p, p = -3*v + 177. Calculate the greatest common divisor of 1635 and v.
15
Let f(v) = -3 + 9*v + 8 - v + 5. Let z be f(6). Suppose 192 = d - z. What is the greatest common factor of d and 10?
10
Let u be (6 - (-5)/((-90)/624))*156/(-8). Calculate the greatest common factor of 65 and u.
13
Let z = 265 + -35. Suppose -5*d = -3*u + z, -3*u + 175 + 105 = 5*d. What is the highest common factor of 17 and u?
17
Suppose 0 = 5*y - 3*u - 504, 7*y - 5*u - 510 = 2*y. Let p = 107 - y. What is the greatest common divisor of p and 488?
8
Let o = -24 - -36. Suppose -q + 5*i = q - 58, 0 = -4*q - 4*i + 60. Suppose -q*d - 11 = -239. What is the greatest common factor of o and d?
12
Let x = 114 - 182. Suppose 0 = -0*c + 9*c - 1062. Let u = c + x. Calculate the highest common divisor of u and 25.
25
Let s(l) = -88*l - 752. Let v be s(-9). What is the highest common factor of 3220 and v?
20
Let r = -1 - -7. Suppose -17 = -9*l + 1. Suppose -l*w - 9 = -15. Calculate the greatest common factor of r and w.
3
Suppose 3*p - 13*p + 90 = 0. Suppose -3*r + 57*i - 55*i = -p, -5*r + 22 = -i. Calculate the highest common divisor of 235 and r.
5
Let m(o) = 8*o**2 + 158*o - 1066. Let f be m(7). What is the greatest common factor of f and 6588?
108
Suppose 21 = 104*i - 101*i. Let y be 86 - (4 + 14/i). Calculate the highest common factor of y and 200.
40
Let t = -173 + 184. Suppose -2*w + t = -101. Calculate the highest common divisor of 48 and w.
8
Let s be (-848)/(-24)*(-3)/(-2). Let c = s + -55. Let n be (c - (-10)/6) + 576/27. What is the greatest common divisor of n and 231?
21
Let b be 7715/15 + (-2)/(-3). Let c = 732 - b. Suppose -30519*a = -30542*a + 713. What is the highest common divisor of c and a?
31
Let q = -84 - -66. Let l = 25 + q. Suppose 24 = 8*f - l*f. Calculate the greatest common divisor of f and 8.
8
Let i(t) = 83*t + 4762. Let v be i(26). What is the highest common divisor of 5 and v?
5
Let b = -3886 - -4111. Calculate the greatest common divisor of 1665 and b.
45
Let z = -30 + 62. Suppose 0 = -696*f + 691*f + 160. What is the highest common divisor of f and z?
32
Suppose -314 = -2*l + 3*t + 319, -5*l = 3*t - 1530. Suppose -2*j + 375 = -l. What is the highest common factor of 54 and j?
18
Let j be -2*3/(-2) - 76/76. Suppose -l = -j*s + 122, -4*s + 302 = s - l. What is the greatest common divisor of 6 and s?
6
Let s be 18 + ((-98)/(-7) - 18). Calculate the highest common divisor of s and 42.
14
Let b(a) = 3*a - 1. Let x be b(5). Let i = 303 - 137. Let n = i - 138. Calculate the highest common factor of x and n.
14
Let y = 2177 + -723. What is the greatest common factor of y and 2?
2
Suppose 10*r + 335 = 5*r. Let c = r - -90. Calculate the greatest common factor of 23 and c.
23
Let f(o) = 22*o**2 + 116*o + 559. Let s be f(-5). What is the greatest common factor of s and 92?
23
Let u = 53 - 41. Suppose -210 = -26*a + u*a. Calculate the greatest common factor of a and 30.
15
Let a = 10211 - 10143. What is the greatest common divisor of a and 196?
4
Suppose -5*h + 19*a = 17*a - 24, -a - 22 = -5*h. Calculate the highest common divisor of 1964 and h.
4
Suppose -2*z + 69 = -p, -4*p = 2*z - 6*p - 66. Let v(k) = k**3 + 32*k**2 + 35*k + 130. Let g be v(-31). What is the highest common divisor of g and z?
6
Let k = -17648 - -33938. Calculate the highest common factor of 90 and k.
90
Let l(v) = 53*v + 49. Let f be l(4). Let h = f - 149. What is the greatest common divisor of 84 and h?
28
Let l(p) = p**3 + 71*p**2 - 148*p - 104. Let n be l(-73). Calculate the highest common factor of n and 8988.
42
Let f(y) = 2*y**2 - 19*y - 23. Let c be f(18). Let r = c - 203. What is the greatest common factor of 32 and r?
16
Let v(g) be the third derivative of 61*g**5/10 + g**4/4 + g**3 + g**2 + 13*g. Let w be v(-2). Calculate the highest common factor of w and 27.
27
Let b = 1839 + -1055. Calculate the highest common factor of 24 and b.
8
Let x(l) = -50*l**2 + 1504*l + 35. Let a be x(30). Calculate the highest common factor of a and 7595.
155
Let l be 2/(-10) - (-36)/5. Let y be (0 - -2) + 3 + l. What is the greatest common divisor of 6 and y?
6
Suppose 2*w = f - 104, -5*f - 2*w = -171 - 397. Calculate the highest common factor of f and 273.
7
Suppose -103*y + 3059 = -14245. Calculate the highest common divisor of 1050 and y.
42
Let b be (-2)/3*210/(-20) - 3. Suppose 0 = 2*v + 5*l - 31, -4*v + b*l - 5*l = -35. Calculate the highest common divisor of v and 176.
8
Suppose 2*r - 7*r + 215 = 0. Suppose 0 = 14*j - 9*j - 10. What is the highest common divisor of j and r?
1
Suppose -2*z - 6 - 2 = 0. Let l be (z + (22 - 2))*-1. Let r = -10 - l. What is the greatest common factor of r and 27?
3
Let u(p) = -p**3 + 4*p**2 + 5*p + 5. Let h be u(5). Suppose 5*z = g + 298, 0 = -h*z + 6*g - g + 290. Calculate the highest common factor of z and 660.
60
Suppose 17*j + 1 - 1 = 0. Suppose 5*i + 2*s - s - 129 = j, 0 = 5*s + 5. Let v = -130 + 312. Calculate the greatest common divisor of i and v.
26
Let t be (101*3/(-15))/(((-36)/(-20))/(-9)). What is the greatest common divisor of t and 808?
101
Suppose z + 3*z + d = 452, z = 5*d + 92. Suppose 0 = -2*k - 7*f + 11*f + 532, 0 = -4*f - 8. Let q = k - 248. Calculate the greatest common divisor of q and z.
14
Suppose d + 2909 = 4*w, -3*w = 7*d - 674 - 1531. Calculate the highest common factor of 104 and w.
104
Let t = -13632 - -13688. Calculate the greatest common divisor of 15512 and t.
56
Let l(i) = i**3 - 10*i**2 + 3*i - 9. Let a be l(10). Let w = 24 + a. What is the greatest common divisor of w and 5?
5
Let b be ((-15)/(-150)*65)/((-1)/(-60)). What is the highest common divisor of b and 1?
1
Let b(j) = 2*j + 114. Let s be b(-41). Suppose 3*c - 48 = -0*c. Calculate the greatest common factor of c and s.
16
Let b be (570/931*(-42)/(-5))/((-1)/(-7308)). What is the greatest common divisor of b and 261?
261
Suppose -2*a - 24 = 5*o + 36, 0 = -o + 3*a - 12. Let z be 3*7 + (-7)/28*o. Calculate the greatest common factor of z and 40.
8
Let i(q) = 5*q**2 + 98*q - 194*q + 105*q. Let n be i(6). Suppose 3*b - 44 = 34. Calculate the highest common factor of b and n.
26
Suppose 8*g - 9 = 3*g + p, 12 = -3*p. Suppose 0 = j + 3*u, 2*u - 3 = -2*j - 3*u. Calculate the highest common factor of g and j.
1
Let j(q) = -q**3 + 46*q**2 - 233*q - 110. Let y be j(40). What is the greatest common divisor of 30 and y?
10
Let l be -1 + 0 - 85*(-104)/(-40). Let i be ((-304)/24 - -2)/(4/l). Calculate the highest common divisor of i and 32.
16
Let z be 7 - 1 - 9/(-15)*-5. Suppose 4*i + 2*q - 142 = 0, -5*i + z*q + 138 = -34. Suppose i + 19 = 3*l. What is the highest common factor of 45 and l?
9
Suppose -68*a + 703 = -2561. Calculate the greatest common factor of 256 and a.
16
Suppose 12*s + 6*s = -15*s + 10626. Calculate the highest common divisor of 1518 and s.
46
Let r = -60 + 64. Let l be 160 + 55 + 1 + r. Calculate the highest common factor of l and 5.
5
Let v be -8*(-15)/(-180)*1*-3. Suppose v*l - 24 = -r, 13*l = 10*l + r + 36. Calculate the highest common divisor of l